{"id":185,"date":"2024-04-25T18:04:43","date_gmt":"2024-04-25T22:04:43","guid":{"rendered":"http:\/\/localhost\/Module3\/Voyage_Paradis\/?page_id=185"},"modified":"2024-05-01T09:39:57","modified_gmt":"2024-05-01T13:39:57","slug":"185-2","status":"publish","type":"page","link":"https:\/\/1995251.cpsw-fcsei.com\/Voyage_Paradis\/185-2\/","title":{"rendered":"\u00c0 propos"},"content":{"rendered":"\n<div class=\"wp-block-cover alignfull banniere\" style=\"margin-top:0;margin-bottom:0;min-height:715px;aspect-ratio:unset;\"><span aria-hidden=\"true\" class=\"wp-block-cover__background has-contrast-background-color has-background-dim-70 has-background-dim\"><\/span><img loading=\"lazy\" decoding=\"async\" width=\"1980\" height=\"2560\" class=\"wp-block-cover__image-background wp-image-239\" alt=\"\" src=\"https:\/\/1995251.cpsw-fcsei.com\/Voyage_Paradis\/wp-content\/uploads\/2024\/04\/naassom-azevedo-Q_Sei-TqSlc-unsplash-scaled.jpg\" style=\"object-position:51% 71%\" data-object-fit=\"cover\" data-object-position=\"51% 71%\" srcset=\"https:\/\/1995251.cpsw-fcsei.com\/Voyage_Paradis\/wp-content\/uploads\/2024\/04\/naassom-azevedo-Q_Sei-TqSlc-unsplash-scaled.jpg 1980w, https:\/\/1995251.cpsw-fcsei.com\/Voyage_Paradis\/wp-content\/uploads\/2024\/04\/naassom-azevedo-Q_Sei-TqSlc-unsplash-232x300.jpg 232w, https:\/\/1995251.cpsw-fcsei.com\/Voyage_Paradis\/wp-content\/uploads\/2024\/04\/naassom-azevedo-Q_Sei-TqSlc-unsplash-792x1024.jpg 792w, https:\/\/1995251.cpsw-fcsei.com\/Voyage_Paradis\/wp-content\/uploads\/2024\/04\/naassom-azevedo-Q_Sei-TqSlc-unsplash-768x993.jpg 768w, https:\/\/1995251.cpsw-fcsei.com\/Voyage_Paradis\/wp-content\/uploads\/2024\/04\/naassom-azevedo-Q_Sei-TqSlc-unsplash-1188x1536.jpg 1188w, https:\/\/1995251.cpsw-fcsei.com\/Voyage_Paradis\/wp-content\/uploads\/2024\/04\/naassom-azevedo-Q_Sei-TqSlc-unsplash-1584x2048.jpg 1584w\" sizes=\"auto, (max-width: 1980px) 100vw, 1980px\" \/><div class=\"wp-block-cover__inner-container is-layout-flow wp-container-core-cover-is-layout-f9cb6abc wp-block-cover-is-layout-flow\">\n<div class=\"wp-block-group has-global-padding is-layout-constrained wp-container-core-group-is-layout-e040a335 wp-block-group-is-layout-constrained\" style=\"min-height:0px;margin-top:0;margin-bottom:0;padding-right:0;padding-left:0\">\n<p class=\"has-text-align-center has-base-2-color has-text-color has-link-color has-libre-caslon-text-font-family has-large-font-size wp-elements-f6c8ebab3f37253b82e2a21dee005bfd\" style=\"font-style:normal;font-weight:900\">Au plaisir de vous rencontrer<\/p>\n\n\n\n<p class=\"has-text-align-center has-base-2-color has-text-color has-link-color has-oxanium-font-family has-medium-font-size wp-elements-7cbd8b7c8fe15f2d34364cfbbc3fbea9\" style=\"font-style:normal;font-weight:700\">Chez <mark style=\"background-color:rgba(0, 0, 0, 0)\" class=\"has-inline-color has-contrast-3-color\">Voyage Paradis<\/mark>, nous sommes de jeunes aventuriers ayant parcouru plus de<em> <strong>75 pays<\/strong><\/em>. Forts d&#8217;une exp\u00e9rience vari\u00e9e \u00e0 l&#8217;\u00e9tranger, nous sommes en mesure de vous fournir les meilleurs conseils pour vos voyages.<\/p>\n\n\n\n<div class=\"wp-block-buttons is-content-justification-center is-layout-flex wp-container-core-buttons-is-layout-a89b3969 wp-block-buttons-is-layout-flex\">\n<div class=\"wp-block-button bouton\"><a class=\"wp-block-button__link wp-element-button\" href=\"https:\/\/1995251.cpsw-fcsei.com\/Voyage_Paradis\/services\/\">services<\/a><\/div>\n\n\n\n<div class=\"wp-block-button bouton\"><a class=\"wp-block-button__link wp-element-button\" href=\"https:\/\/1995251.cpsw-fcsei.com\/Voyage_Paradis\/185-2\/#infolettre\">infolettre<\/a><\/div>\n<\/div>\n<\/div>\n<\/div><\/div>\n\n\n\n<div class=\"wp-block-group alignfull has-background has-global-padding is-layout-constrained wp-container-core-group-is-layout-01abbfce wp-block-group-is-layout-constrained\" id=\"mission\" style=\"background:linear-gradient(0deg,#466577 0%,#EBEBEF 100%);margin-top:0;margin-bottom:0;padding-top:var(--wp--preset--spacing--30);padding-right:var(--wp--preset--spacing--20);padding-bottom:var(--wp--preset--spacing--40);padding-left:var(--wp--preset--spacing--20)\">\n<h2 class=\"wp-block-heading has-text-align-center has-contrast-color has-text-color has-link-color has-libre-caslon-text-font-family has-x-large-font-size wp-elements-50f134c950e17b70846586fff1b514be\"><strong>Mission<\/strong><\/h2>\n\n\n\n<div class=\"wp-block-group alignwide is-layout-flow wp-block-group-is-layout-flow\">\n<p class=\"has-text-align-center has-contrast-color has-text-color has-link-color has-oxanium-font-family wp-elements-6daaae75ef2acf5ef3ddbe9ade712a68\" style=\"font-size:clamp(1.092rem, 1.092rem + ((1vw - 0.2rem) * 1.013), 1.7rem);line-height:1.2\">\u00c9laborer le meilleur plan de voyages afin de donner \u00e0 nos clients la meilleure exp\u00e9rience sur des paysages extraordinaires!<\/p>\n<\/div>\n\n\n\n<figure class=\"wp-block-image aligncenter size-full is-resized\"><img loading=\"lazy\" decoding=\"async\" width=\"2560\" height=\"1707\" src=\"https:\/\/1995251.cpsw-fcsei.com\/Voyage_Paradis\/wp-content\/uploads\/2024\/04\/martin-adams-ZbaofjUyg6U-unsplash-scaled.jpg\" alt=\"\" class=\"wp-image-243\" style=\"width:468px;height:auto\" srcset=\"https:\/\/1995251.cpsw-fcsei.com\/Voyage_Paradis\/wp-content\/uploads\/2024\/04\/martin-adams-ZbaofjUyg6U-unsplash-scaled.jpg 2560w, https:\/\/1995251.cpsw-fcsei.com\/Voyage_Paradis\/wp-content\/uploads\/2024\/04\/martin-adams-ZbaofjUyg6U-unsplash-300x200.jpg 300w, https:\/\/1995251.cpsw-fcsei.com\/Voyage_Paradis\/wp-content\/uploads\/2024\/04\/martin-adams-ZbaofjUyg6U-unsplash-1024x683.jpg 1024w, https:\/\/1995251.cpsw-fcsei.com\/Voyage_Paradis\/wp-content\/uploads\/2024\/04\/martin-adams-ZbaofjUyg6U-unsplash-768x512.jpg 768w, https:\/\/1995251.cpsw-fcsei.com\/Voyage_Paradis\/wp-content\/uploads\/2024\/04\/martin-adams-ZbaofjUyg6U-unsplash-1536x1024.jpg 1536w, https:\/\/1995251.cpsw-fcsei.com\/Voyage_Paradis\/wp-content\/uploads\/2024\/04\/martin-adams-ZbaofjUyg6U-unsplash-2048x1365.jpg 2048w\" sizes=\"auto, (max-width: 2560px) 100vw, 2560px\" \/><\/figure>\n<\/div>\n\n\n\n<div class=\"wp-block-group alignfull has-base-2-color has-contrast-2-background-color has-text-color has-background has-link-color wp-elements-0f6d7e0097d05ac1f2970a64ecf12380 has-global-padding is-layout-constrained wp-container-core-group-is-layout-0a43e82f wp-block-group-is-layout-constrained\" id=\"team\" style=\"margin-top:0;margin-bottom:0;padding-top:var(--wp--preset--spacing--10);padding-right:var(--wp--preset--spacing--50);padding-bottom:var(--wp--preset--spacing--50);padding-left:var(--wp--preset--spacing--50)\">\n<h2 class=\"wp-block-heading has-text-align-center has-base-2-color has-text-color has-link-color has-libre-caslon-text-font-family has-xx-large-font-size wp-elements-5da1709ca65a5e4a3f9ecaa1943f0e04\"><strong>Notre \u00e9quipe<\/strong><\/h2>\n\n\n\n<div class=\"wp-block-columns alignwide is-layout-flex wp-container-core-columns-is-layout-4935966c wp-block-columns-is-layout-flex\" style=\"padding-right:0;padding-left:0\">\n<div class=\"wp-block-column grossir is-layout-flow wp-block-column-is-layout-flow\">\n<figure class=\"wp-block-image size-full has-custom-border is-style-rounded wp-duotone-unset-2 is-style-rounded--1\"><img loading=\"lazy\" decoding=\"async\" width=\"640\" height=\"640\" src=\"https:\/\/1995251.cpsw-fcsei.com\/Voyage_Paradis\/wp-content\/uploads\/2024\/04\/SpongeBob.png\" alt=\"\" class=\"wp-image-49\" style=\"border-style:none;border-width:0px;border-radius:0px;aspect-ratio:1;object-fit:cover\"\/><\/figure>\n\n\n\n<p class=\"has-text-align-center has-libre-caslon-text-font-family has-medium-font-size\"><strong>Sponge Bob<\/strong><\/p>\n\n\n\n<div class=\"wp-block-group is-vertical is-content-justification-center is-nowrap is-layout-flex wp-container-core-group-is-layout-21d4e958 wp-block-group-is-layout-flex\">\n<p class=\"has-text-align-center has-oxanium-font-family has-small-font-size\">Founder &amp; CEO <\/p>\n<\/div>\n<\/div>\n\n\n\n<div class=\"wp-block-column grossir is-layout-flow wp-block-column-is-layout-flow\">\n<figure class=\"wp-block-image size-full is-style-rounded is-style-rounded--3\"><img loading=\"lazy\" decoding=\"async\" width=\"1200\" height=\"1200\" src=\"https:\/\/1995251.cpsw-fcsei.com\/Voyage_Paradis\/wp-content\/uploads\/2024\/04\/PatrickStar.png\" alt=\"\" class=\"wp-image-50\" style=\"aspect-ratio:1;object-fit:cover\"\/><\/figure>\n\n\n\n<div class=\"wp-block-group is-vertical is-content-justification-center is-nowrap is-layout-flex wp-container-core-group-is-layout-63bfd6c1 wp-block-group-is-layout-flex\">\n<p class=\"has-text-align-center has-libre-caslon-text-font-family has-medium-font-size\"><strong>Patrick Starfish<\/strong><\/p>\n\n\n\n<p class=\"has-text-align-center has-oxanium-font-family has-small-font-size\">Marketing Director<\/p>\n<\/div>\n<\/div>\n\n\n\n<div class=\"wp-block-column grossir is-layout-flow wp-block-column-is-layout-flow\">\n<figure class=\"wp-block-image size-full is-style-rounded is-style-rounded--4\"><img loading=\"lazy\" decoding=\"async\" width=\"1200\" height=\"1200\" src=\"https:\/\/1995251.cpsw-fcsei.com\/Voyage_Paradis\/wp-content\/uploads\/2024\/04\/MrKrabs.png\" alt=\"\" class=\"wp-image-51\" style=\"aspect-ratio:1;object-fit:cover\"\/><\/figure>\n\n\n\n<div class=\"wp-block-group is-vertical is-content-justification-center is-nowrap is-layout-flex wp-container-core-group-is-layout-63bfd6c1 wp-block-group-is-layout-flex\">\n<p class=\"has-text-align-center has-libre-caslon-text-font-family has-medium-font-size\"><strong><strong>Eugene Harold Krabs<\/strong><\/strong><\/p>\n\n\n\n<p class=\"has-text-align-center has-oxanium-font-family has-small-font-size\">Treasury Executive Boss<\/p>\n<\/div>\n<\/div>\n\n\n\n<div class=\"wp-block-column grossir is-layout-flow wp-block-column-is-layout-flow\">\n<figure class=\"wp-block-image size-full is-style-rounded is-style-rounded--5\"><img loading=\"lazy\" decoding=\"async\" width=\"1200\" height=\"1200\" src=\"https:\/\/1995251.cpsw-fcsei.com\/Voyage_Paradis\/wp-content\/uploads\/2024\/04\/SandyCheeks.png\" alt=\"\" class=\"wp-image-53\" style=\"aspect-ratio:1;object-fit:cover\"\/><\/figure>\n\n\n\n<div class=\"wp-block-group is-vertical is-content-justification-center is-nowrap is-layout-flex wp-container-core-group-is-layout-21d4e958 wp-block-group-is-layout-flex\">\n<p class=\"has-text-align-center has-libre-caslon-text-font-family has-medium-font-size\"><strong>Sandy Cheeks<\/strong><\/p>\n\n\n\n<p class=\"has-text-align-center has-oxanium-font-family has-small-font-size\">Engineering Manager<\/p>\n<\/div>\n<\/div>\n<\/div>\n<\/div>\n\n\n\n<div class=\"wp-block-group alignfull has-background is-vertical is-content-justification-center is-layout-flex wp-container-core-group-is-layout-36a39fb6 wp-block-group-is-layout-flex\" id=\"infolettre\" style=\"background:linear-gradient(178deg,#466577 0%,#EBEBEF 100%);min-height:25.7rem;margin-top:0;margin-bottom:0;padding-top:var(--wp--preset--spacing--50);padding-right:0;padding-bottom:0;padding-left:0;background-image:url(&apos;https:\/\/1995251.cpsw-fcsei.com\/Voyage_Paradis\/wp-content\/uploads\/2024\/04\/Equipe.jpg&apos;);background-position:50% 37%;background-size:cover;\">\n<h2 class=\"wp-block-heading has-libre-caslon-text-font-family has-x-large-font-size\"><strong>Joignez-vous \u00e0 nous<\/strong><\/h2>\n\n\n\n<div class=\"wp-block-group has-global-padding is-layout-constrained wp-block-group-is-layout-constrained\">\n<p class=\"has-text-align-center has-contrast-color has-text-color has-link-color has-oxanium-font-family has-medium-font-size wp-elements-5519a6e53de38fb03362c0af14116eb2\" style=\"font-style:normal;font-weight:500\">Pour rester \u00e0 l&#8217;aff\u00fbt des derni\u00e8res destinations voyages les plus passionnantes.<\/p>\n\n\n\n<div class=\"wp-block-buttons is-content-justification-center is-layout-flex wp-container-core-buttons-is-layout-a89b3969 wp-block-buttons-is-layout-flex\">\n<div class=\"wp-block-button bouton\"><a class=\"wp-block-button__link wp-element-button\" style=\"border-radius:30px\">S&#8217;abonner<\/a><\/div>\n<\/div>\n<\/div>\n<\/div>\n<h3>Aujourdhui, on est le 29 April 2026<\/h3>","protected":false},"excerpt":{"rendered":"<p>Mission \u00c9laborer le meilleur plan de voyages afin de donner \u00e0 nos clients la meilleure exp\u00e9rience sur des paysages extraordinaires! Notre \u00e9quipe Sponge Bob Founder &amp; CEO Patrick Starfish Marketing Director Eugene Harold Krabs Treasury Executive Boss Sandy Cheeks Engineering Manager Aujourdhui, on est le 29 April 2026<\/p>\n","protected":false},"author":1,"featured_media":0,"parent":0,"menu_order":0,"comment_status":"closed","ping_status":"closed","template":"","meta":{"_acf_changed":false,"footnotes":""},"class_list":["post-185","page","type-page","status-publish","hentry"],"acf":[],"_links":{"self":[{"href":"https:\/\/1995251.cpsw-fcsei.com\/Voyage_Paradis\/wp-json\/wp\/v2\/pages\/185","targetHints":{"allow":["GET"]}}],"collection":[{"href":"https:\/\/1995251.cpsw-fcsei.com\/Voyage_Paradis\/wp-json\/wp\/v2\/pages"}],"about":[{"href":"https:\/\/1995251.cpsw-fcsei.com\/Voyage_Paradis\/wp-json\/wp\/v2\/types\/page"}],"author":[{"embeddable":true,"href":"https:\/\/1995251.cpsw-fcsei.com\/Voyage_Paradis\/wp-json\/wp\/v2\/users\/1"}],"replies":[{"embeddable":true,"href":"https:\/\/1995251.cpsw-fcsei.com\/Voyage_Paradis\/wp-json\/wp\/v2\/comments?post=185"}],"version-history":[{"count":34,"href":"https:\/\/1995251.cpsw-fcsei.com\/Voyage_Paradis\/wp-json\/wp\/v2\/pages\/185\/revisions"}],"predecessor-version":[{"id":476,"href":"https:\/\/1995251.cpsw-fcsei.com\/Voyage_Paradis\/wp-json\/wp\/v2\/pages\/185\/revisions\/476"}],"wp:attachment":[{"href":"https:\/\/1995251.cpsw-fcsei.com\/Voyage_Paradis\/wp-json\/wp\/v2\/media?parent=185"}],"curies":[{"name":"wp","href":"https:\/\/api.w.org\/{rel}","templated":true}]}}